late g(1405).
1
Let d(a) = 15*a**2 - 241*a - 1437. Calculate d(21).
117
Let a(h) = -h**3 - 27*h**2 - 210*h - 3629. What is a(-25)?
371
Let a(u) = -u**3 - 4*u**2 - 909063*u - 3636245. Calculate a(-4).
7
Let j(t) = 3*t**2 - 51*t - 334. Determine j(-10).
476
Let o(x) = -1424*x + 49965. Determine o(35).
125
Let d(a) = -49996*a - 499945. What is d(-10)?
15
Let y(i) = -2*i**2 - 469*i + 334179. Determine y(308).
-1
Let a(t) = -t**3 + 24*t**2 - 288*t + 6475. What is a(24)?
-437
Let a(g) = -2*g**3 + 2*g**2 - 1192*g + 4691. Calculate a(4).
-173
Let b(m) = m**3 + 21*m**2 - 749*m - 9141. Calculate b(-12).
1143
Let u(w) = -36*w**2 + 312*w - 1839. Calculate u(6).
-1263
Let d(s) = 3*s**3 + 213*s**2 + 6*s - 14288. Give d(-70).
-8
Let t(u) = u**3 + 169*u**2 - 378*u - 5567. Determine t(-171).
589
Let y(u) = 62*u**2 - 265*u - 66. Give y(6).
576
Let l(p) = -455*p - 80014. What is l(-176)?
66
Let s(k) = -11*k**3 + 3034*k**2 + 553*k - 277. Calculate s(276).
-1
Let a(x) = -x**2 - 114*x - 4299. Calculate a(-43).
-1246
Let i(r) = -10*r**2 - 4658*r - 391384. Give i(-110).
-4
Let j(p) = p**3 + 677*p**2 - 1529*p - 116124. What is j(-679)?
-15
Let l(y) = -3*y**3 - 763*y**2 - 245*y + 2143. Calculate l(-254).
-143
Let g(a) = a**2 + 84840*a + 2205155. Determine g(-26).
-9
Let l(b) = -b**2 + 18856*b + 1210887. Determine l(-64).
7
Let w(s) = 25*s**3 - 4958*s**2 - 8367*s - 6603. Give w(200).
-3
Let g(o) = -2*o**3 - 29*o**2 + 417*o + 5918. Determine g(-16).
14
Let f(m) = -2*m**3 - 43*m**2 - 215*m - 54. Give f(-6).
120
Let q(b) = 3*b**2 + 663*b - 2707. Calculate q(-225).
-7
Let l(t) = 131*t**2 - 65*t - 242. What is l(-3)?
1132
Let r(q) = 39235*q - 1059334. Determine r(27).
11
Let o(j) = -j**3 - 67*j**2 - 551*j + 1099. Calculate o(-57).
16
Let a(u) = -u**3 - 211*u**2 - 7733*u - 1157. What is a(-47)?
18
Let l(b) = b**2 + 2212*b + 82614. Determine l(-38).
2
Let q(j) = -254*j + 91714. What is q(361)?
20
Let b(i) = -710*i**3 + 41177*i**2 + 173*i - 88. What is b(58)?
-146
Let y(x) = -x**2 + 93*x + 8109. Calculate y(-55).
-31
Let h(q) = 25*q**3 + 9*q**2 - 6*q + 3. Calculate h(3).
741
Let w(g) = -2*g**3 + 645*g**2 - 10671*g - 928. What is w(305)?
292
Let l(o) = 34099*o + 5626336. Determine l(-165).
1
Let l(u) = u**3 + 103*u**2 - 1324*u + 3474. Calculate l(8).
-14
Let b(t) = 26*t**2 - 6670*t - 6671. What is b(-1)?
25
Let l(q) = -376*q - 30082. Calculate l(-80).
-2
Let m(q) = -q**3 - 29*q**2 + 172*q + 974. Calculate m(-34).
906
Let a(t) = -5*t**2 - 1535*t - 20517. What is a(-14)?
-7
Let l(w) = -16680*w + 1034154. What is l(62)?
-6
Let f(t) = 168*t + 1731. Calculate f(-20).
-1629
Let x(y) = 6*y**2 + 1212*y + 15786. Give x(-14).
-6
Let w(i) = i**3 + 5*i**2 - 24*i - 102. Determine w(-10).
-362
Let i(a) = -a**2 + 149*a - 2594. Calculate i(129).
-14
Let k(w) = w**3 + 60*w**2 + 21*w + 10. Determine k(-60).
-1250
Let t(z) = 27*z**2 - 20223*z + 33. Calculate t(749).
33
Let y(u) = 18*u**2 - 3602*u + 628. Calculate y(200).
228
Let c(y) = 400*y**2 + 2365*y - 136. Give c(-6).
74
Let h(r) = 25*r**3 - 297*r**2 - 6*r + 19. Calculate h(12).
379
Let h(r) = -1920*r + 32689. Calculate h(17).
49
Let b(v) = -2890*v + 95093. Determine b(33).
-277
Let i(g) = -g**3 - 42*g**2 - 24*g - 589. Give i(-42).
419
Let a(r) = 278*r - 1474. What is a(3)?
-640
Let k(f) = -5843*f - 99359. What is k(-17)?
-28
Let f(l) = l**2 + 34*l - 259. Determine f(-42).
77
Let j(i) = -i**3 - 18*i**2 - 7*i + 133. What is j(-10)?
-597
Let x(y) = -101*y**3 - 2*y**2 + 119*y - 117. Calculate x(1).
-101
Let y(x) = 164*x**2 - 19*x - 6. Calculate y(2).
612
Let q(g) = 2*g**2 + 262*g - 384801. Determine q(-509).
3
Let f(c) = 9*c**3 - 11*c**2 - 124*c + 249. What is f(2)?
29
Let a(o) = 2394*o**3 - 9*o**2 + 2*o - 1. Calculate a(1).
2386
Let s(h) = -5670*h + 56741. Give s(10).
41
Let c(f) = -3*f**2 + 1482*f - 42284. What is c(463)?
775
Let i(l) = -470*l - 151026. Give i(-323).
784
Let n(d) = -d**2 - 329126*d - 658250. What is n(-2)?
-2
Let x(d) = 4*d**3 + 209*d**2 - 18*d - 3638. What is x(-52)?
2
Let q(u) = 3*u**2 - 303*u + 7635. Calculate q(27).
1641
Let f(j) = 4*j**3 - 524*j**2 - 1054*j - 1405. Determine f(133).
-75
Let o(y) = y**3 - 26*y**2 + 134*y + 157. Determine o(18).
-23
Let m(p) = p**3 - 67*p**2 + 653*p - 2096. What is m(56)?
-24
Let f(t) = 17*t**2 + 1153*t - 6968. Give f(6).
562
Let x(a) = -a**3 + 344*a**2 + 58*a - 20153. Give x(344).
-201
Let w(m) = -15*m + 2004. Give w(85).
729
Let x(f) = 1279*f**2 + 65233*f + 122. What is x(-51)?
-82
Let l(f) = 1338*f - 14723. Determine l(11).
-5
Let t(w) = 700*w**3 - 74202*w**2 + 222*w - 1033. Give t(106).
27
Let m(x) = -72187*x + 144318. What is m(2)?
-56
Let l(m) = -m**3 - 20*m**2 + 1541*m + 32020. Give l(-21).
100
Let j(f) = 719388*f + 2158160. Calculate j(-3).
-4
Let j(k) = -k**2 - 58*k + 39577. Calculate j(172).
17
Let d(i) = -24*i**3 + 112*i**2 + 17*i - 29. Give d(5).
-144
Let o(t) = -t**2 + 4424*t + 88857. Determine o(-20).
-23
Let i(d) = 65722*d - 197146. What is i(3)?
20
Let p(z) = -297*z + 6787. Calculate p(11).
3520
Let h(f) = f**3 + 140*f**2 - 184*f - 63515. What is h(-138)?
-35
Let o(v) = -v**2 - 11273*v - 112. Calculate o(0).
-112
Let t(i) = -i**2 + 1605*i + 451148. What is t(1849)?
-8
Let w(t) = -543*t + 129235. Calculate w(238).
1
Let v(q) = -1099*q + 51. What is v(0)?
51
Let o(p) = -295*p + 1664. Give o(6).
-106
Let b(d) = 668*d - 14693. Calculate b(22).
3
Let b(v) = 30*v**2 - 111*v - 2060. Determine b(11).
349
Let i(c) = 488*c - 264539. Give i(542).
-43
Let y(d) = 2964*d + 21003. Determine y(-7).
255
Let y(n) = 9*n**2 - 442*n + 2989. Calculate y(8).
29
Let f(h) = 27998*h + 4843646. Calculate f(-173).
-8
Let x(d) = d**3 + 218*d**2 - 921*d - 7228. Give x(-222).
98
Let f(l) = -2*l**2 + 26*l + 79067. Determine f(-194).
-1249
Let q(z) = 16*z**3 + z**2 - 1559*z - 6292. Give q(-4).
-1064
Let w(a) = a**2 + 260*a + 12917. Determine w(-197).
506
Let x(f) = -415*f - 11556. Determine x(-24).
-1596
Let m(r) = -216*r - 867. Determine m(-5).
213
Let r(a) = 23*a**3 + 4*a**2 + 55*a + 343. Determine r(-5).
-2707
Let u(z) = -293*z - 9267. Give u(-30).
-477
Let p(f) = -4*f**2 + 20062*f + 40120. Give p(-2).
-20
Let f(h) = 8*h**3 + 1448*h**2 - 1470*h + 147. Calculate f(-182).
2695
Let l(c) = c**2 + 281*c + 15153. Calculate l(-72).
105
Let s(w) = 16*w**2 - 1650*w + 83. What is s(103)?
-123
Let q(h) = 112*h - 8357. Give q(75).
43
Let t(j) = j**3 - 74*j**2 + 1107*j + 176. What is t(21)?
50
Let q(o) = -o**3 + 43*o**2 + 207*o + 10. Determine q(48).
-1574
Let k(q) = -8936*q - 6639455. Give k(-743).
-7
Let a(n) = 86*n**2 + 458*n + 1783. Determine a(-4).
1327
Let b(z) = -17*z**3 - 448*z**2 - 154*z + 71. Determine b(-26).
19
Let v(t) = 2*t**3 - 65*t**2 + 78*t - 1493. Calculate v(32).
-21
Let v(u) = -16*u**2 + 214*u + 1087. Calculate v(-5).
-383
Let t(f) = -2022*f - 38104. Give t(-19).
314
Let c(k) = -2*k**2 + 5071*k - 2815206. Determine c(821).
3
Let c(k) = k**2 + 316*k + 12640. Determine c(-47).
-3
Let r(n) = -120*n + 10440. Give r(90).
-360
Let x(d) = 647*d + 21371. Calculate x(-33).
20
Let h(v) = 1037*v + 68461. Determine h(-66).
19
Let b(j) = 142*j**2 + 2872*j + 2876. What is b(-1)?
146
Let j(n) = 6*n**2 + 893742*n - 893741. What is j(1)?
7
Let s(j) = 55*j**2 - 29*j - 85. Give s(2).
77
Let v(w) = w**3 - 281*w**2 + 11214*w + 35737. Calculate v(232).
9
Let j(n) = -5491*n + 900612. What is j(164)?
88
Let k(x) = 12*x**2 + 4728*x + 37578. Calculate k(-8).
522
Let d(v) = 385*v - 1526. Determine d(13).
3479
Let m(r) = -4*r**3 + 175*r**2 + 2445*r + 392. Calculate m(-11).
-4
Let q(w) = 627*w**2 - 353*w - 353. What is q(-1)?
627
Let o(g) = 2*g**2 - 2871*g + 172918. Give o(63).
-17
Let z(k) = -k**3 - 128*k**2 + 25*k + 2971. Determine z(-128).
-229
Let k(h) = -2*h**3 - 623*h**2 - 84*h + 70624. Determine k(-311).
27
Let v(p) = 62*p - 4142. What is v(72)?
322
Let k(l) = 239*l**2 - 285*l + 1426. Determine k(5).
5976
Let d(n) = n**2 + 13223*n - 15570386. What is d(1088)?
-18
Let h(s) = -s**2 + 97*s + 657820. Determine h(861).
16
Let h(q) = -q**3 + 187*q**2 - 4700*q - 321. Determine h(30).
-21
Let v(r) = -1473*r + 151714. Give v(103).
-5
Let b(t) = 24550*t + 98067. What is b(-4)?
-133
Let p(i) = i**2 - 8725*i + 234845. What is p(27)?
-1
Let l(u) = 6418*u + 243878. Calculate l(-38).
-6
Let r(f) = -17090*f + 375942. What is r(22)